et h be (-15)/(-2)*(-58)/(-3). Suppose f*x = 3*q - h, -200 = -2*q - 2*q + x. List the prime factors of q.
3, 17
Let s = -645 - -647. Suppose -20*w + s*w = -12618. What are the prime factors of w?
701
List the prime factors of (35292764/(-39))/(-46) + 2/(-3).
2, 2459
Suppose -23*b - 146 = -767. Suppose b*c - 2059 = 101. List the prime factors of c.
2, 5
Let n = 12472 - 10351. What are the prime factors of n?
3, 7, 101
Let m(g) be the first derivative of 19*g**3/2 - 23*g**2/2 + 48*g + 50. Let u(n) be the first derivative of m(n). List the prime factors of u(4).
5, 41
Let d(g) = -131*g + 65. Let o(h) = 263*h - 129. Let x(n) = 11*d(n) + 6*o(n). What are the prime factors of x(5)?
2, 313
Let q = 8090 - 4002. List the prime factors of q.
2, 7, 73
Suppose 128 = -8*h + 4*h. Let l = -22 + -27. Let s = h - l. What are the prime factors of s?
17
Suppose 0 = 6*c - 11*c + 16650. Let b = -2071 + c. What are the prime factors of b?
1259
Let h(x) = -7*x**2 + 48*x - 95. Let z(n) = 4*n**2 - 24*n + 47. Let c(w) = -3*h(w) - 5*z(w). What are the prime factors of c(30)?
2, 5, 23
Let h(f) = -f**3 - 24*f**2 + 20*f - 145. What are the prime factors of h(-40)?
5, 4931
Let o be (-2 - -1) + -8*54/(-12). Let s = -69 + o. What are the prime factors of -1 + (-4 - (s - 3))?
2
Let f(s) = 40*s**2 + 66*s - 38. What are the prime factors of f(9)?
2, 13, 73
List the prime factors of 46/(-5) + 156/130 - -4233.
5, 13
Let x = -41 + 38. Let o(z) = z**2 + z - 6. Let f be o(x). Let a(c) = -c**3 - 2*c**2 + 2*c + 63. List the prime factors of a(f).
3, 7
Let q(i) = -10*i**3 - 14*i**2 - 17*i - 3. Let o be q(-1). Let b(t) be the third derivative of 5*t**4/6 - 4*t**3 + t**2. What are the prime factors of b(o)?
2, 11
Let w = 29305 - -16388. List the prime factors of w.
3, 5077
Let l = 19 + -19. Suppose l = b - 0 - 5, 0 = 4*u + 5*b - 293. Suppose 0 = 2*v, 3*v = -3*x + 2*x + u. What are the prime factors of x?
67
Let b = -7533 + 10979. What are the prime factors of b?
2, 1723
Suppose -6*b = k - 146251, -4*b = -3*k - 41130 - 56389. What are the prime factors of b?
2, 11, 277
Let c(w) = 10*w**3 - 5*w**2 - 13*w - 10. Let p be c(-4). List the prime factors of p/5*(-40)/24.
2, 113
Let i = -578 - -583. Suppose 0 = p + i*v - 1359, -54*v + 53*v = -5*p + 6925. List the prime factors of p.
2, 173
Let b(p) = -9*p - 105. Let g be b(-12). What are the prime factors of g + ((-2)/3 - 8691/(-9))?
2, 11
Suppose 270*x - 650319 = 1941985 + 684956. What are the prime factors of x?
2, 3, 7, 17
Let z be (1/(2 - -1))/((-8)/(-48)). Suppose 0*h - 6 = -z*h, 5*h + 53 = 4*p. Let k(r) = r**2 - 15*r - 8. List the prime factors of k(p).
2, 13
Let r(u) = u + 9. Let p be r(3). Suppose 9*t + 126 = p*t. Suppose -6 - t = -6*m. List the prime factors of m.
2
List the prime factors of (110/15)/2*915/5.
11, 61
Suppose -570 = -4*t - 2*q, -5*q - 9 = 6. Suppose -7*v + 9*v = t. Let d = v - 14. What are the prime factors of d?
2, 29
What are the prime factors of (11/33)/(3/26583*(-1)/(-9))?
3, 8861
Suppose z = -0 + 7. Suppose 0 = z*v - 725 - 150. Suppose -v = -5*w + 650. What are the prime factors of w?
5, 31
Let r(d) = d**2 - 10*d + 1. Let n be r(14). Let h = n - 48. Let m(b) = b + 17. What are the prime factors of m(h)?
2, 13
Let b(v) = 3*v**2 + 15*v - 119. Suppose 3*x - 59 = -4*p - 11, 4*x - 64 = -4*p. What are the prime factors of b(x)?
7, 127
Let d(k) = k**2 - 4*k + 7. Let o = -18 + 30. Let p be d(o). What are the prime factors of (2 - 0) + (p - 1)?
2, 13
Let j be (-10 - 3) + (-1 - 1). Let m be ((-6)/j)/((-2)/(-50)). Suppose 3*c - 23 = m. List the prime factors of c.
11
Let t be 0 - (-61 - 1) - -2. Let i = t + -59. Suppose i*n - 29 + 19 = 0. List the prime factors of n.
2
Let k = 53 - 13. Let z be (0/2)/(k/(-20)). Suppose z*x = 2*x - 140. What are the prime factors of x?
2, 5, 7
Let g(n) = 198*n**2 + 14*n + 26. List the prime factors of g(-6).
2, 5, 7, 101
Suppose 106*x + 8797 = 125*x. What are the prime factors of x?
463
Suppose -3*k + 180 = -5*k. What are the prime factors of 6858/k*(-20)/6?
2, 127
What are the prime factors of ((-1383)/(-7))/(2/(-7))*(-21 - 1)?
3, 11, 461
Let y(s) = 684*s**2 - 6*s - 16. What are the prime factors of y(-2)?
2, 683
Let y = -31 + 37. Suppose 14 = y*h - 22. Suppose -115 = p - h*p. List the prime factors of p.
23
Let d(x) = -871*x + 1872. What are the prime factors of d(-6)?
2, 3, 7, 13
Let l(z) = 16*z**2 - 2*z - 84. List the prime factors of l(26).
2, 3, 5, 89
Let w(q) = q**3 - 5*q**2 + 329*q - 55. List the prime factors of w(21).
2, 5, 13, 107
Let l(s) = 15*s. Let v be l(5). Let u = v + -72. Suppose u*g = 5*r - 694, 5*r + 3*g = -0*g + 676. What are the prime factors of r?
137
Let i(l) = 53*l**2 - 96*l**2 + 2 - l + 62*l**2. Let d be i(1). Suppose w + d - 45 = 0. List the prime factors of w.
5
Let n = -50713 + 134273. List the prime factors of n.
2, 5, 2089
Let h be -4*(-54)/24 + -4. Suppose 2122 = d - b, 0 = -2*d - h*b + 3202 + 1007. Suppose 9*f - d - 178 = 0. List the prime factors of f.
3, 5, 17
Let i(c) = 8*c + 91. Let b be i(-11). Suppose 3*t - 868 = -0*t + 4*n, 2*n + 872 = b*t. List the prime factors of t.
2, 73
Let a(j) = j**3 - 5*j**2 + 3*j + 12. Let l be a(4). Suppose -o = -5*y + 2716, -3*o = -4 - l. What are the prime factors of y?
2, 17
Let q(k) = 1. Let u(x) = -70*x + x - 4 - 22*x. Let d(b) = -4*q(b) + u(b). What are the prime factors of d(-1)?
83
Suppose -87*g + 8 = -83*g. Suppose 17 = 4*b - g*l + l, 4*l = -b. Suppose -7 = -v + b. List the prime factors of v.
11
Let r = -1199 + 3406. What are the prime factors of r?
2207
Let o(i) = 1827*i - 119. What are the prime factors of o(8)?
7, 19, 109
Let j be ((-2)/(-1))/((-15)/(-30)). Suppose -k + 3*i + 20 = 0, 0*k = -j*k - 3*i + 65. Let u = k + 18. What are the prime factors of u?
5, 7
Suppose 3*m + w = 31468, 4*m + 2*w = 3*m + 10496. List the prime factors of m.
2, 3, 19, 23
Suppose 4*x - 8125 = -a, 2*x + 49178 = 4*a + 16786. What are the prime factors of a?
8101
Let d(q) = q**3 - 10*q**2 + 5*q + 10. Let v be d(9). Let z be 28/70 + v/(-10). Suppose 0 = -7*j - z*j + 200. List the prime factors of j.
2, 5
Let v be (-78)/(-18) - 3/9 - -276. Let k = v + 176. What are the prime factors of k?
2, 3, 19
Suppose 4*x = 3*c + 17269 - 1291, -4*c + 7978 = 2*x. What are the prime factors of x?
3, 11
Let c = -2 - -1. Let p(t) = 193 - 212 + 46*t**2 + 20. List the prime factors of p(c).
47
Let o = 170 + -151. Let f(w) = 8*w + 107. What are the prime factors of f(o)?
7, 37
Let h(s) = 215*s**2 + 11*s + 403. List the prime factors of h(-7).
10861
List the prime factors of 296714/34 - (-510)/4335.
3, 2909
Let q = -42330 - -84739. List the prime factors of q.
42409
Suppose 65*x + 8600 = -54*x - 12106. Let o = -280 - -35. Let i = x - o. List the prime factors of i.
71
Let t be 5205/10 + 2 - 1/(-2). Let z = -92 + t. List the prime factors of z.
431
Let z be (1/(-1))/(2/(48/(-6))). Suppose 2*l + 5*u = 158, u - 118 - 216 = -z*l. List the prime factors of l.
2, 3, 7
Suppose -4*n - 4 + 24 = 0. Suppose 3*b = -2*b + 5*x + 1370, n*x + 286 = b. List the prime factors of b.
271
Suppose 114*j - 518255 = 778951. What are the prime factors of j?
3, 3793
Let s be (-2)/(-8) - (-900)/48. Suppose s*w = 13*w - 684. What are the prime factors of (w/9)/(-1)*(-9)/(-3)?
2, 19
Let r = -15526 - -15849. List the prime factors of r.
17, 19
Let u = -2515 - -3495. What are the prime factors of u?
2, 5, 7
Suppose -5*z - 5*i = -45, 3*i - 7*i - 20 = 0. Let o be 4/z + (-60)/(-35). Suppose 5*s = -4*y + 45 + 262, o*y = 5*s - 319. List the prime factors of s.
3, 7
Suppose 684 = 8*r + 4. Suppose -4*q - r = -225. What are the prime factors of q?
5, 7
Let o = 26851 - -6957. List the prime factors of o.
2, 2113
Let w(m) = m**2 - 2*m - 7. Let h be w(3). Let y = -1 - h. Suppose 5*v - 8*a - 310 = -3*a, -2*a + 176 = y*v. What are the prime factors of v?
2, 3, 5
Let y = 375 + -372. What are the prime factors of (-23 + y)*(-104)/5?
2, 13
Suppose 0 = s - 4*p - 60748, -2*s + 4*p + 28529 = -92971. List the prime factors of s.
2, 3797
Suppose 34*q + 6*q = 0. Suppose -9*c + 15*c - 2184 = q. What are the prime factors of c?
2, 7, 13
Let x be (-2)/3 + (-68624)/(-12). Suppose -12*k + x = -714. What are the prime factors of k?
2, 67
Let q(n) be the third derivative of n**5/60 + 11*n**4/24 - 13*n**3/6 - 921*n**2. Le